What is the tens digit of 2/(-2) + g/(-3)?
6
What is the tens digit of ((-4878)/(-3) - -1)*68/34?
5
Suppose -12*h + 27 + 21 = 0. Suppose 2*w = 2*p - 0*p - 272, -725 = -5*p - h*w. What is the units digit of p?
1
Let r(o) = -o**2 + 5*o - 3. Let w be r(6). Suppose 5*v = -7*v. Let d = v - w. What is the units digit of d?
9
Let p(l) = 2*l**2 - l**2 + 15*l + 0*l**2 - 6*l - 5. Let v be p(-8). Let k = 25 + v. What is the tens digit of k?
1
Suppose -2*m + t = -5, 5*t = m + t + 8. Suppose -6*o - 120 = -7*o. Suppose 0 = 4*g - 5*a - o, 0 = -5*g + m*a - 7*a + 150. What is the tens digit of g?
3
Suppose 0 = -3*t + 166 + 101. What is the units digit of ((-12)/(-5) - 10/25) + t?
1
Let r be 3 + 1 - 4 - -2. Suppose -y - r*y + 261 = 0. What is the units digit of y?
7
Let v be (-8 - -5)*(-8)/(-6). Let u be 4*3*8/(-24). What is the units digit of u/(-3) - v/(-12)?
1
Let z = -708 - -1018. What is the hundreds digit of 7*(-8)/(-28) + 2 + z?
3
Let v(f) = -8*f + 408. What is the tens digit of v(-22)?
8
Let p = 13 + 13. What is the tens digit of -8*(-3)/156 - (-1660)/p?
6
Let z = -148 - -4852. What is the thousands digit of z?
4
Let z(a) = -32*a - 29. Let u(m) = -48*m - 44. Let p(k) = -5*u(k) + 8*z(k). What is the tens digit of p(-8)?
1
Suppose -3*q = -3*d - 1107, 4*q - 3*d - 1851 = -q. Let m = q - 140. What is the units digit of m?
2
Suppose 4*u + 2*l = -4, l + 10 = -3*u + 3*l. Let g be 26/(-4) + (-3)/u. Let n = 28 + g. What is the units digit of n?
3
Suppose 13*l - 3713 = 1344. What is the hundreds digit of l?
3
Suppose -2*v = -42 - 0. Suppose 0 = -3*x + 408 - v. What is the hundreds digit of x?
1
Let c = -312 + 448. What is the tens digit of c?
3
Let r(t) = -t**2 - 10*t + 1. Let a be r(-10). Suppose 7*k - a - 230 = 0. What is the tens digit of k?
3
Suppose -3*n = -5*b - 47, 0 = 3*n + 2*b + b - 39. Let o be (24/10)/(6/15). What is the units digit of 498/n - o/(-14)?
6
Suppose 8 = -2*i + 3*i. Suppose -i*t - 24 = -4*t. What is the tens digit of ((-2)/t)/((-7)/(-273))?
1
Let w be 218/9 - (-2)/(-9). What is the units digit of 2/(-8) - (-270)/w?
1
Let u = 27 - 22. Suppose -c - 485 = -u*q, -4*c - 217 = -3*q + 57. What is the tens digit of q?
9
Let l(g) = 11*g + 24. Suppose -5*n + 2*v + 40 = 0, 4*v - 7 - 9 = -2*n. What is the units digit of l(n)?
2
Suppose -5551 - 2121 = -14*a. What is the hundreds digit of a?
5
Let y(l) = l**3 + 4*l**2 - 4*l + 5. Let w be y(-5). Suppose w = 5*x - 117 - 238. What is the units digit of x?
1
Let r(j) = -57*j + 491. What is the hundreds digit of r(-50)?
3
What is the hundreds digit of 7*(-996)/9*(-9 - -6)?
3
Let t(b) = 2*b - 1. Let k be t(2). Suppose -k*p = 2*i + 16, -5*p = -p - 2*i + 12. Let n(d) = -6*d - 8. What is the tens digit of n(p)?
1
Let g(j) = 7*j + 97 - 97. What is the tens digit of g(14)?
9
Let p = -2 - -8. Let m be p/(1 - 4) + -15. Let d = 35 + m. What is the units digit of d?
8
Let c(d) = -d**2 + 20*d + 9. Let x be c(19). Let i = 30 - x. Suppose 2*g + i*g - 256 = 0. What is the tens digit of g?
6
Let g(n) = 75*n - 265. What is the thousands digit of g(28)?
1
Let c(j) = 2*j + 15. Let n be c(-6). Suppose 1003 = n*y - x, -3*x = -5*y - 0*x + 1677. What is the hundreds digit of y?
3
Let q = -20 + 108. What is the units digit of q?
8
Suppose -p + 153 + 49 = s, 5*p = -2*s + 404. Let y = s + -121. What is the units digit of y?
1
Suppose -5*a + 4 = -4*a. Suppose -a*n = -90 - 250. What is the units digit of n?
5
Let i(d) = d**3 + 17*d**2 + 15*d + 21. What is the tens digit of i(-16)?
3
Let h(z) = z**2 + 4*z - 42. What is the hundreds digit of h(30)?
9
Let a(x) = 49*x**2 - 2*x + 1. Let r(n) = n**3 - 3*n**2 + n - 2. Let y be r(3). What is the units digit of a(y)?
8
Suppose 0*r + 5*r - 40 = 0. Suppose 0 = -r*t + 5*t + 111. What is the tens digit of (2 - (3 + 3)) + t?
3
Suppose -15 = r - 6*r. Suppose 0 = -4*z + r*g + 31 + 34, 3*z = 2*g + 49. Let b = z + -8. What is the units digit of b?
9
Suppose 5*b - 3*z + 266 = 0, -5*z - 171 = 3*b + 9. Let a(m) = 4*m**3 + m**2 + 2*m + 1. Let x be a(-3). Let v = b - x. What is the tens digit of v?
4
Suppose 4*o + 6*m - 7*m = 345, 0 = -4*o - 3*m + 357. What is the units digit of o?
7
Suppose 0 = -3*a + 3*p + 489, 9*a - 4*a - 2*p - 800 = 0. What is the hundreds digit of a?
1
Let b(h) = -2*h - 17 + 6 + h. Let t be b(-15). Suppose -3*r + 4*k + 88 = 0, -36 = -r - t*k + 2*k. What is the units digit of r?
2
Suppose s - 4*h - 72 + 9 = 0, s - 64 = 5*h. Let x = s - 83. What is the tens digit of (x/(-10))/(6/40)?
1
Suppose -4*o = -2*j + 22, 0 = 2*o - 5*j - 0*j + 23. Let h = 6 + o. Suppose 0 = 3*p - v - 71, h*v = -4*p - 3*v + 63. What is the tens digit of p?
2
Let v(y) = -8. Let o(j) = j - 7. Let u(g) = 5*o(g) - 4*v(g). Let a be u(-6). Let c = a + 60. What is the tens digit of c?
2
Suppose 1 + 7 = 2*k. Suppose 4*d + i - 53 = 23, -k*i = -4*d + 56. Suppose 0 = o + d - 49. What is the units digit of o?
1
Suppose 6*t = -10*t + 4672. What is the units digit of t?
2
Suppose 4*d + 8 = -b - 6, -56 = 3*b - 2*d. Let q(c) = c**2 - c - 23. Let g be q(0). Let m = b - g. What is the units digit of m?
5
What is the tens digit of -1 - (-27)/15 - 9978/(-15)?
6
Suppose 0 = -0*g - 2*g + 20. Let x be 0/(-2) + 20*3. What is the units digit of 288/x - (-2)/g?
5
Suppose 2*j = 0, -w + 3*j + 2 = -0. Suppose -6 = w*q - 10. Suppose -3*l - f - f = -37, 0 = -q*f - 8. What is the units digit of l?
5
Let m(j) = 5 + j - 3 - 3*j - j**2 - 5*j. Let v be m(-4). Let k = v - 12. What is the units digit of k?
2
Let y = 131 + -89. Let x = 117 - y. What is the units digit of x?
5
Let u = 3213 + 208. What is the hundreds digit of u?
4
Suppose 0 = 4*x - 57 - 43. Suppose 85 + x = 5*z. What is the tens digit of z?
2
Let p(h) = -h**3 + 2*h**2 + h + 1. Let w be p(-1). Suppose w*q + q - 4*v = 32, 2*v = -q - 4. What is the units digit of q?
4
Let l be 101/(-5) + 1/5. What is the tens digit of (l/(-6))/((-4)/(-42))?
3
Let f(a) = 3*a - 4. Let c be f(4). Let m = -12 - -7. Let j = m + c. What is the units digit of j?
3
Suppose c + 1 = 7. Suppose c*p - 458 = 4*p. Suppose w + q - 43 = 0, 5*w - q - q = p. What is the tens digit of w?
4
Let u = -1132 - -1676. What is the units digit of u?
4
Let z(k) = 2*k**3 - 86*k**2 + 21*k - 60. What is the tens digit of z(43)?
4
Suppose -30*a + 1054 = 3*n - 25*a, 0 = a - 5. What is the units digit of n?
3
Suppose 0 = 2*f - 2*w - 6, 2*f - 3*f + 2*w + 4 = 0. Suppose -f*k - 28 + 184 = 0. What is the units digit of k?
8
Let s(z) = z**3 - 2*z**2 + 3*z - 12. Let h be (11 + -12)/((-2)/12). Let w be s(h). Suppose 7*m = 12*m - w. What is the units digit of m?
0
Suppose 0 = -5*o + 3*f + 33, -4*f = o - 6*o + 34. Let n(u) = 3*u**2 - u - 26. What is the units digit of n(o)?
6
Suppose -64*g + 5*t + 6620 = -59*g, 2*t - 1321 = -g. What is the hundreds digit of g?
3
Suppose -3*r + 5*r = -2*q + 370, -2*q = -5*r - 335. What is the units digit of q?
0
Suppose 6 = -3*k, -5*w + k = -2*k + 29. Let s = 9 + w. Let r = s - -3. What is the units digit of r?
5
Let y(u) = 11*u - 22. Let o(m) be the first derivative of 5*m**2 - 21*m - 8. Let v(g) = 7*o(g) - 6*y(g). What is the units digit of v(6)?
9
Let h(r) = -343*r - 292. What is the hundreds digit of h(-4)?
0
Let w(p) = -2*p**3 + 21*p**2 + 17*p - 2. What is the tens digit of w(-6)?
8
Let z(s) be the first derivative of -26*s**4 - s**3/3 - s**2 - 2*s - 14. What is the tens digit of z(-1)?
0
Let t(o) = 2*o - 5. Let u be t(4). Let g(i) = -i - u - 2*i**3 + 0*i**3 + 3*i**3 + 4*i**2. What is the units digit of g(-3)?
9
Suppose -d - x - 5 = 8, 0 = 5*d - x + 53. Let h = -6 - d. Suppose 0 = -0*g - h*g + 120. What is the units digit of g?
4
What is the units digit of ((-61)/(-2))/(2/36)?
9
Suppose 0 = 2*s + 2*t - 386, -19*s + 16*s - 2*t = -574. What is the tens digit of s?
8
Let q(f) = f**3 + 9*f**2 + 8*f + 2. Let g be q(-8). Suppose -2*d - 124 = -4*m, g*m - 5*d + 74 = 4*m. What is the units digit of m?
2
Let g(i) = i + 4. Let x be g(-1). Suppose 0 = w - 1, -5*v - x*w + 880 = 152. What is the hundreds digit of v?
1
Suppose -3*k - 4 = -5*k, -5*k = w - 10. Suppose w = 3*d - 1 - 2. What is the units digit of (d*-1)/((-8)/176)?
2
Let j = -9 + 5. What is the hundreds digit of -1 + -2 - j - -132?
1
Suppose 0 = 5*f + m - 56, -5*f + 0*f + m = -54. Let l(o) = f*o**2 - 1 + 3 + 0 - 1. What is the units digit of l(-2)?
5
Suppose -52